s of x.
2
Suppose -3*d + 6 = 0, -d = 2*i + i - 647. Suppose 5*f + 4*z = i, 151 = -3*f + 7*f - z. Let g = f + -28. List the prime factors of g.
11
Let l(i) = -i**3 + 3*i + 2. Let u be l(-2). Let s = u - 0. List the prime factors of s.
2
What are the prime factors of (-1 + 24)/(-9 - -10)?
23
Suppose -3*t - 20 = -146. List the prime factors of t.
2, 3, 7
Suppose -4 - 6 = -2*t. Suppose -6 = -2*c + t*c. What are the prime factors of 1/(1/c) + 18?
2
Let x = -9 + 3. Let g = 6 + x. Suppose 3*u + 3*k + 2*k - 24 = g, -5*k + 15 = 0. List the prime factors of u.
3
Suppose -6*k = -173 - 7. List the prime factors of k.
2, 3, 5
Suppose 0 = 3*c - 108 - 999. What are the prime factors of c?
3, 41
Let b = -6 + 2. Let d = 10 - b. List the prime factors of d/63 + 122/18.
7
What are the prime factors of 197/13 + 16/(-104)?
3, 5
Let q(v) = 4 + 3*v - v**2 - 4 + 0*v**2. Let s be q(6). List the prime factors of (-50)/s - 2/(-9).
3
Suppose -a = y - 23, 3*y - 5 - 1 = 0. Let i = -19 + a. List the prime factors of i.
2
Let c(s) = s**3 + 8*s**2 - 9*s - 14. What are the prime factors of c(-4)?
2, 43
Let r(j) be the second derivative of -j**5/20 - 5*j**4/12 + 5*j**3/6 - 4*j**2 - j. Let z be r(-6). What are the prime factors of (2/(-4))/(z/28)?
7
Let u = 19 - 11. Let p = u - 1. Suppose -v + 2*d = -p, 4*v = -4*d - d + 15. What are the prime factors of v?
5
List the prime factors of 2/5 + (-2094)/(-15).
2, 5, 7
Let c(a) = -42*a - 1 + a**2 + 49*a - 2. List the prime factors of c(5).
3, 19
Suppose -4*h - 15 = -7*h. Suppose h*z + 3*u - 142 = 0, -5*u = z - 4*u - 30. Suppose 5*c + 35 = 2*j, -c + z + 11 = 4*j. List the prime factors of j.
2, 5
What are the prime factors of (-39)/91 + 59/7?
2
Let n(z) = z**2 - 4*z - 1. Let c be n(7). Let g be c/8 - 2/4. Suppose -3*v = -k + g*v + 10, -4*k + 3*v = -74. List the prime factors of k.
2, 5
Let j = -11 - -36. Suppose 0 = 3*v + 2*v - j. Suppose 2*o - 3*a - 25 = 0, -o + v = 5*a - 1. List the prime factors of o.
11
Let p(m) = 3*m**2 + 10*m + 7. What are the prime factors of p(-8)?
7, 17
Suppose -g - 4 = -1. Let s(p) = -p**2 - 5*p + 3. Let z be s(-4). Let w = z - g. List the prime factors of w.
2, 5
Suppose 2*n - 8 = p, -p = -2*n + 4*n - 8. Suppose -5*h + p*h + 15 = 0. List the prime factors of (0 - 6)/(1 - h).
3
Suppose 0*i - 40 = 5*i. Let k = i - -14. List the prime factors of 4/(2 - 4) + k.
2
Suppose 5*n - 4*y - 355 = y, -3*y = n - 75. What are the prime factors of n?
2, 3
Let j(f) = f**3 - 2*f - 1. Let c be j(2). Suppose -5*d = -42 - c. What are the prime factors of d?
3
Suppose -158 = -3*a + n, -2*a - 3*n + 108 = -n. List the prime factors of a.
53
Suppose 2*f - 54 = -4*m, 94 = 4*f - 2*m + 3*m. What are the prime factors of f?
23
Suppose n = -3, 0 = 5*f + 5*n - 10*n - 60. List the prime factors of f.
3
Suppose -25 = -6*g + g. Suppose -2*h - 61 = -3*s, -h - 1 + g = 0. What are the prime factors of s/3 + (-4)/6?
7
Let m = -7 - -11. Suppose 0 = 5*o + 2*g - 35, -2*o = -m*o + 3*g + 14. What are the prime factors of o?
7
Let d = -42 - -14. What are the prime factors of ((-80)/d)/((-2)/(-7))?
2, 5
Suppose 2*t = 8*t - 522. What are the prime factors of t?
3, 29
Let w(i) = 2*i - 16. Let g(a) = a - 8. Let c(b) = 5*g(b) - 3*w(b). Suppose 0 = 2*p - p. What are the prime factors of c(p)?
2
What are the prime factors of (-2 - 0)*(-515)/10?
103
Let v = 5 + -3. Let o be 9/v*6/9. Suppose 0 = -o*b - 0*b + 48. What are the prime factors of b?
2
Suppose 3*k = -r + 25, -3*k + 31 = -2*r - 0*r. Suppose -4*v = -k*v. Suppose v = g - 3*p - 11, -2*g - 3*p + 13 = -0. List the prime factors of g.
2
Let z = 212 + -147. List the prime factors of z.
5, 13
Suppose -5*f = -3*z + 45, 3*f + 30 + 0 = 2*z. What are the prime factors of z?
3, 5
Suppose -2*w + 6 = 0, 0 = 2*g + 4*w - 25 + 9. Suppose -31 = 2*z - 3*d + g*d, -5*d + 65 = -4*z. Let a = -4 - z. List the prime factors of a.
11
Suppose 20 = -k - k. What are the prime factors of ((-2)/(-3))/(k/(-240))?
2
Suppose 2*f + 25 - 93 = 0. What are the prime factors of f?
2, 17
Suppose -17*v + 12*v + 530 = 0. What are the prime factors of v?
2, 53
Suppose -2*s + 6*s - 4*c - 148 = 0, 4*s = 3*c + 146. List the prime factors of s.
5, 7
Let m = 3 - 1. Suppose -5*g - 15 = 0, 0 = -2*c - 2*g - 2*g - 4. Let r = c + m. List the prime factors of r.
2, 3
Suppose 3*b - x - 210 = 2*b, -5*b - 5*x = -1030. List the prime factors of b.
2, 13
Let b = 114 + 41. List the prime factors of b.
5, 31
Suppose n - 38 = 4*t, 10 = -0*t + 2*t. List the prime factors of n.
2, 29
Let s(n) = -2*n + 3. Let r be s(6). List the prime factors of (-3)/(-2)*(-84)/r.
2, 7
Let u be -4*(1 - (-2)/(-4)). Let p(h) = -h + 13. Let x be p(6). What are the prime factors of 0/u + x + -2?
5
Suppose p + 6 = 4*c, -2*p + 5*c = 3*p. Suppose t + p*t = 15. List the prime factors of t.
5
Let x be 360/25 - 2/5. Suppose -2*n + x = -0*n. Suppose -14 = -k + n*f - 3*f, -2*f - 4 = 0. What are the prime factors of k?
2, 3
Suppose 3*s + 2 = 8*s - 2*w, -s = -w - 1. What are the prime factors of (s - (-3)/(-4))*-4?
3
Let d(t) = t**3 - 8*t + 0*t + 6 + 0*t**2 + t**2 + 5*t**2. Let s be d(-7). List the prime factors of (s - (3 - 1))/1.
11
Suppose -x + 17 = 5*s, 2*x + 6 = -s + 4. List the prime factors of x/2*22/(-3).
11
Let u = -38 - -55. Suppose 5*f + u = 52. Let r = -3 + f. What are the prime factors of r?
2
Suppose 6*q = 141 - 27. List the prime factors of q.
19
Let a be (-1 + 4)*(-2)/(-1). Let z = 21 - a. List the prime factors of z.
3, 5
Suppose 2*w - 12 = -4*p, 4*p + 2*w - w = 12. What are the prime factors of p?
3
Suppose -358 = -5*v - u, -v - 5*u + 157 = v. What are the prime factors of v?
71
Let c(v) = v**3 + 7*v**2 + 7*v + 9. Suppose -x - h = -4*x - 9, -3*x + 4*h = 0. Let i(r) = 3*r + 6. Let d be i(x). What are the prime factors of c(d)?
3
Suppose 3*p = 4*y + 7, 0 = -5*p + 3*p + 10. Suppose l + 2*r - 13 = 0, -y*r = 5*l + 5 - 38. What are the prime factors of l?
5
Let t(u) be the third derivative of u**4/12 - 3*u**2. Let p be t(2). What are the prime factors of 6/p*56/6?
2, 7
Suppose 4*m - 5*w = 2*m + 71, -m + 35 = -2*w. List the prime factors of m.
3, 11
Suppose 0 = 2*z - 2*w + 6*w - 4, 24 = 5*z - 4*w. Suppose z*b - 25 = 31. List the prime factors of b.
2, 7
Suppose 57*x - 43 = 56*x. List the prime factors of x.
43
Let l(m) = 12*m - 3. List the prime factors of l(12).
3, 47
Let l(t) = -t - 9. Let y be l(-8). What are the prime factors of 0 + y + -9 + 33?
23
Let s(m) = -m**2 - 25*m - 15. Let j be s(-20). What are the prime factors of ((-20)/25)/((-2)/j)?
2, 17
What are the prime factors of (-1 + 6)*(-95)/(-25)?
19
Suppose -3*c + 0*c = -3. Let m be 0/((-2)/1 + c). Suppose 5*a + 0*n = -3*n + 12, m = 4*a + 2*n - 10. What are the prime factors of a?
3
Suppose -5*w - g + 76 = 0, 3*w - 3*g - 13 = 29. Suppose -x + 8 + w = 0. List the prime factors of x.
23
Let m be (-3070)/(-35) + 2/7. Let v = m - 61. What are the prime factors of v?
3
Let v(t) = t**2 - 4*t + 5. Let c be v(5). Suppose 4*u - 3*u = c. What are the prime factors of u?
2, 5
Let j(m) = 3*m**2 - 4*m + 1. What are the prime factors of j(2)?
5
List the prime factors of (614/6)/((-9)/(-27)).
307
List the prime factors of ((9/6)/((-2)/(-4)))/1.
3
Let x(g) = 4 - 3 + 5*g - 3. Let z be x(2). Suppose 3*a - z = 4. List the prime factors of a.
2
Suppose v - 4*i - 42 = 0, v - 5*i = 17 + 23. List the prime factors of v.
2, 5
Let k(c) = 183*c**3 - c + 2. List the prime factors of k(1).
2, 23
Let y be 42/4 - (-4)/(-8). Let g = y - 7. List the prime factors of g.
3
Let z be (-13)/(-2) + 2/(-4). Let q = 0 + z. Let y(b) = 2*b + 1. List the prime factors of y(q).
13
Suppose w + 2*w = 3*q - 129, 0 = 3*w + 9. What are the prime factors of q?
2, 5
Suppose -2*d - 3*y + 6 = 0, 4*y - 8 = 6*d - 3*d. Suppose -j - 3*l + 6 = d, -3*j + 28 = l + 10. What are the prime factors of j?
2, 3
Let r(m) = m**2. Let n(g) = g**2 - 2*g - 1. Let o(k) = -n(k) + 2*r(k). Let v(a) be the first derivative of o(a). What are the prime factors of v(5)?
2, 3
Let y = -17 - -55. List the prime factors of y.
2, 19
Let p(a) = a**3 + 6. Let w be p(0). List the prime factors of (46/4)/(w/12).
23
Let c(h) = h**2 - 7*h + 3. List the prime factors of c(8).
11
Let g = 11 - 15. Let n(d) = -7*d. List the prime factors of n(g).
2, 7
Suppose -2*t + 4*u + 60 = 0, -2*u - 68 = -t - t. Suppose -64 = 